e 0 = -6*n + n - 3*x + 25, 4*n - 3 = x. Let t(w) = -3 - 7*w - 4*w**2 + 4*w**2 + 4*w**n - 3*w**2. Give t(7).
-3
Suppose 0*n + 2*n - 3*z = -4, -36 = 4*n + z. Let w be 4/n*1*-2. Let g(r) = -r - 2*r - 3*r - 1 + 2*r. Determine g(w).
-5
Let u(t) be the second derivative of t**4/12 + t**3/2 + t**2 + t. Give u(-3).
2
Let p be (-1 + (-8)/(-3))*3. Let t be ((-2)/(-5))/((-2)/(-10)). Let w(b) = 5*b**2 - b**t - b**3 + 5*b + 3 - 8. Give w(p).
-5
Let d(h) = 5*h**3 - 2*h**2 - 2*h - 8. Let m(b) = 4*b**3 - 3*b**2 - 3*b - 7. Let v(n) = -3*d(n) + 4*m(n). Calculate v(7).
3
Let z(r) be the second derivative of -r**6/360 + r**5/120 - r**4/3 + 3*r. Let x(b) be the third derivative of z(b). Calculate x(-2).
5
Let u(j) = -3*j - 3. Suppose 0 = 5*x + 2*d + 10, 0*d = 5*d. Let r be u(x). Suppose -4*p = -8, -r*p + 2 = 5*f - 2*p. Let z(o) = -o**2 + o + 4. Calculate z(f).
4
Let h(l) be the third derivative of -l**5/60 + l**4/4 - l**3/3 - 4*l**2. Calculate h(7).
-9
Suppose b + 3*b = 16. Let l(m) = -5 + 0*m**2 - 3*m + m + m**3 - 3*m**2. What is l(b)?
3
Let c(y) = y**3 + 10*y**2 - 12*y - 11. Let k be c(-11). Let f(a) be the second derivative of -1/2*a**3 - a - 1/12*a**4 + k - 1/2*a**2. Give f(-2).
1
Let k(j) = 12*j**2 + j - 1. Let c(z) = z**3 - 10*z**2 + z - 9. Let t be c(10). Calculate k(t).
12
Let p = -6 - -12. Let k = p - 5. Let f(c) = -5*c**2 - 1. Calculate f(k).
-6
Let g(s) = -5*s. Suppose 41 = 5*d + 4*j, 3*j + 0*j = -3*d + 24. Suppose -1 = -3*u - 2*r - 13, -5*r - d = -3*u. What is g(u)?
10
Suppose 0 = -2*k - 0 + 6. Let n(f) be the third derivative of -f**6/120 + f**5/20 + f**4/24 + f**3/3 - 2*f**2. Give n(k).
5
Suppose -4*z = -12, 3*z = 5*s + 24 - 10. Let m be ((-2)/1)/((-1)/(-2)). Let i = m - s. Let q(k) = -k + 2. What is q(i)?
5
Let d(g) = -3*g - 4 - 2 + 4 + 4*g. Determine d(-5).
-7
Let z(j) = -j**2 + 5*j + 8. Let x be z(6). Suppose i + 4 - x = 0. Let t be i + (0 - (-4)/2). Let s(p) = p**3 + p**2 - p + 7. What is s(t)?
7
Let x(v) = v**2 + v + 4. Suppose 0 = o - 5*t - 25, -2*o + 4*t = -0*o - 20. Determine x(o).
4
Let v be (1 + 2)*2/3. Let j(n) = -6*n**3 + 6*n**2 + 14*n - 1. Let m(y) = -4*y**3 + 4*y**2 + 9*y - 1. Let b(o) = 5*j(o) - 8*m(o). Calculate b(v).
7
Suppose -5*n + 0 = -15. Let u(p) be the third derivative of n*p**2 + 0*p + 0 - 1/60*p**5 + 1/6*p**3 - 1/6*p**4. Determine u(-3).
4
Let l = 13 - 9. Let g(u) = u - 5. Let q(f) = 2*f - 11. Let d be (-3)/(-9) - 26/6. Let x(a) = d*q(a) + 9*g(a). Determine x(l).
3
Let c(x) = 1 + 4 - x - 3. Give c(8).
-6
Let l(m) = -3*m**3 - 21*m**2 + 5*m + 17. Let v(p) = -p**3 - 11*p**2 + 2*p + 8. Let y(b) = -2*l(b) + 5*v(b). Give y(13).
6
Let a(p) = -4*p**3 + 5 + 0 + 3*p**3 + p - p**2. Let m(x) be the third derivative of x**4/24 + 2*x**3/3 - x**2. Let i be m(-4). What is a(i)?
5
Let n(z) = 2*z**2 + z + 2. Suppose c = -0*c + 4. Suppose -12 = c*k - g, -3*k + 2*g - 14 = -0*k. What is n(k)?
8
Let m(u) be the second derivative of u**6/360 + u**4/8 + u**3 - 2*u. Let f(h) be the second derivative of m(h). Give f(0).
3
Let m be (5/((-5)/(-2)))/(2/9). Let i(f) = f**2 - 10*f + 10. Give i(m).
1
Let w(f) = 3*f**2 - 2. Let u(l) = -11*l**3 - l**2 - l - 1. Let h be u(-1). Suppose -3*s - h = 2*s. Determine w(s).
10
Let w(t) = 15 - t - 9 + 0. Calculate w(5).
1
Let r be (2/(-4))/((-4)/40). Let w(p) = 2 - p - 4 - r. Determine w(-7).
0
Let w(v) be the first derivative of v**2/2 + 2*v - 16. Give w(-8).
-6
Let n(h) = -h**2 - 7*h + 8. Let s be n(-8). Suppose t = -s*t - 2. Let c(l) = -3 - 3*l**2 + l**2 + l**2 - 2*l. Give c(t).
-3
Let h(b) = 2*b + 3. Let w be (-32)/12 - 2/6. Let k be 1/w*45/(-5). What is h(k)?
9
Let d(t) = t**2 + 7*t + 4. Suppose -21 = -5*n + 9. Suppose -5*r = 19 + n. Determine d(r).
-6
Let o(n) = -2*n**2 + 2*n + 1. Suppose -3*h + 3 + 12 = -c, -5*h - 5*c = -5. Suppose -2*d = -0*d - 2. Suppose -h*s - d - 3 = 0. What is o(s)?
-3
Let u(s) = -s**2 - 5*s - 5. Let v(k) = 2*k**2 + 10*k + 12. Let z(c) = -7*u(c) - 3*v(c). Suppose -3 = 4*m + 9. Calculate z(m).
-7
Suppose 0 = 5*h + 3*y - 25, -3*h + 0*y + 15 = -5*y. Let w(j) = 1 + 3 + j - h. Give w(5).
4
Let o(g) be the first derivative of g**4/2 + 2*g**3/3 + g**2 + 3*g + 31. Calculate o(-2).
-9
Suppose -2*r + 4*q = 2*q - 10, 5*r + 15 = -3*q. Let k(n) = n**2 - n + 2. Let j(d) = 1. Let i(u) = -4*j(u) - k(u). Give i(r).
-6
Let n = -50 + 47. Let h(o) = -6 - 4*o - o**2 + 1 - 1 + 2. What is h(n)?
-1
Let f(s) = -10*s**2 + 2*s - 1. Let q = 86 + -85. What is f(q)?
-9
Let w = 11 - 6. Let l(j) = -8*j**2 + 5 - w. What is l(-1)?
-8
Suppose 0*g + 2 = 2*g. Suppose 3*q + 7 + 2 = 0. Let s(w) = 2*w - 2. Let r(l) = l. Let j(a) = g*s(a) + q*r(a). Give j(-3).
1
Let g(w) = w**2 - 2*w - 3. Let k be 2 - (-44)/(-4) - -4. Let o(c) = c**2 + 3*c + 3. Let x be o(-3). Let u = x + k. Give g(u).
5
Let d(o) = o**2 - 7*o + 7. Suppose s - 6*s + 25 = 0. Calculate d(s).
-3
Let p(s) be the third derivative of -2/3*s**3 - 4*s**2 + 0*s - 5/24*s**4 + 1/60*s**5 + 0. Determine p(4).
-8
Let c(j) = -j**2 + j + 1. Suppose b = 6*b - 30. Suppose -u + 4*u = -b. Determine c(u).
-5
Let i(q) = -3*q**2 - 12*q - 12. Let p(n) = -n**2 - 4*n - 4. Let z(y) = 3*i(y) - 8*p(y). Let c be ((-630)/525)/((-4)/(-10) - 0). Calculate z(c).
-1
Let k(c) = -2*c - 9. Let i(o) = -o - 8. Let n = -5 + -1. Let u(y) = n*i(y) + 5*k(y). What is u(2)?
-5
Let t be (-2 - -3)*(1 - -1). Let b(s) = -3*s**t + 3*s**2 + 2*s + s**2 - 2 - 1. What is b(-4)?
5
Let z(q) = -7*q**2 - 1. Let m(j) = 8*j + 1. Let p be m(0). Calculate z(p).
-8
Let c(i) = i**2 + 8*i + 8. Let m = -46 - -64. Suppose 2*s + s = -m. Determine c(s).
-4
Let q(x) = x**3 - 6*x**2 + 5*x + 3. Suppose -16*d = -20*d + 20. Suppose 24 = d*s - 1. Calculate q(s).
3
Let q(b) = 1 + 1 - 6*b + 5*b. Let d be q(5). Let r(j) be the third derivative of -j**6/120 - j**5/20 + j**4/6 + 2*j**2 + 13. What is r(d)?
-12
Let x(d) = d. Let j(v) = 9*v + 1. Let c(i) = 3*j(i) - 24*x(i). Give c(-2).
-3
Let k(b) = -b**2 - 5*b + 9. Let m be -1 + 2 + (-1 - 7). What is k(m)?
-5
Let l(b) be the first derivative of b**2/2 + 5*b - 6. What is l(0)?
5
Let x(d) = -d**2. Let t(w) = -5*w**2 - 4*w + 2. Let z(u) = -t(u) + 6*x(u). Suppose -3*h + 4 = 4*i - 30, 3*i - 36 = -4*h. Let y be 9/2*4/h. Calculate z(y).
1
Let g = -69 - -64. Let m(q) be the second derivative of -1/2*q**4 - q - 1/20*q**5 - 1/2*q**2 + 0 - q**3. What is m(g)?
4
Suppose -3*w + 0*w = -2*u - 16, 2*w - 10 = u. Let b(c) = -c**3 - 3*c - 2. Calculate b(u).
12
Let o(q) = q**3 + 6*q**2 + 3*q - 1. Let v = 1 - -4. Let b = 0 - v. Calculate o(b).
9
Suppose k - 2*h - 18 = -3*k, k = 5*h. Let f(l) = l**2 - 5*l + 2. Let v be f(k). Let x(q) = -5*q + 1. Determine x(v).
-9
Let x = 1 + 3. Suppose -5*i + x = -2*b - 6, i - 5 = b. Suppose 2*v + 6 + i = 0. Let a(l) = l**3 + 2*l**2 - 4*l + 1. What is a(v)?
4
Let b(g) be the first derivative of 6*g - 5 - 1/2*g**2. What is b(0)?
6
Let y(n) = n + 1. Let g(d) = d**2 - 2*d - 1. Let z(x) = g(x) - y(x). Determine z(3).
-2
Let k(s) = -8*s - 3. Let l be k(-1). Suppose 4*q + l = -q. Let j(i) be the second derivative of -2*i**3/3 - i**2/2 + i. Determine j(q).
3
Let b(n) = 2 + 0*n + 4*n - 3*n. Determine b(0).
2
Let n(c) be the first derivative of -c**4/12 - c**3/2 - 5*c**2/2 - 8. Let y(x) be the second derivative of n(x). What is y(3)?
-9
Let i(k) = 3*k**2 + 9*k - 7. Let d(j) = 2*j**2 + 8*j - 6. Let v(u) = 5*d(u) - 4*i(u). Suppose -b - x - 2*x = -10, 10 = -4*b - 2*x. Let w = -3 - b. Give v(w).
-2
Suppose -3*v + 14 = -22. Suppose -v = 3*o, -2*k + 16 = -2*o - o. Let c(f) = f**3 - f**2 + f - 2. Calculate c(k).
4
Let f(v) = 1 + 9*v + 0*v - 2 + 5*v. What is f(-1)?
-15
Let j(x) = -x. Let v be j(-4). Suppose -5*s - 19 = v*b + 8, b + 15 = -4*s. Let p = b + 8. Let t(o) = -o + 10. Calculate t(p).
5
Let p = 95/606 - -1/101. Let h(j) be the third derivative of -1/20*j**5 + 0*j + 1/8*j**4 + 0 + j**2 + 1/120*j**6 - p*j**3. Determine h(2).
1
Let i(o) = 7*o - 6*o + o**2 - 10*o - 1. Determine i(8).
-9
Let q(w) = w**2 + 6*w - 2. Suppose 2*u - 13 - 23 = 0. Suppose 4*f + 28 = 5*r - 0*f, 5*r + f = u. Suppose 0*b - 20 = r*b. Calculate q(b).
-7
Let o(a) = a**3 + a**2 + 2*a - 2. Suppose 2*n - 9*n + 14 = 0. What is o(n)?
14
Let l be (1 + 1 + -4)/2. Let w(q) be the first derivative of q**4/2 + q**3/3 + q**2 + q + 4. What is w(l)?
-2
Let a(v) = -v - 1. Let i be a(4). Let r be (-3)/2 - i/(-10). Let j(l) = -2*l**3 + 3